 is divided by 33390905?
24
What is the remainder when 70845 is divided by 10022?
691
Calculate the remainder when 992653 is divided by 3613.
2691
Calculate the remainder when 76783 is divided by 25516.
235
What is the remainder when 23298748 is divided by 1703?
5
What is the remainder when 47759724 is divided by 111328?
12
What is the remainder when 12629105 is divided by 791?
790
Calculate the remainder when 17568274 is divided by 4392033.
142
What is the remainder when 2178806 is divided by 387?
383
What is the remainder when 2653 is divided by 204?
1
What is the remainder when 12994 is divided by 300?
94
What is the remainder when 227451110 is divided by 5827?
5819
What is the remainder when 187101 is divided by 268?
37
Calculate the remainder when 19040955 is divided by 2720136.
3
Calculate the remainder when 46914 is divided by 3571.
491
What is the remainder when 5227746 is divided by 9681?
6
What is the remainder when 19969 is divided by 6158?
1495
What is the remainder when 57793724 is divided by 3633?
3593
Calculate the remainder when 9930008 is divided by 4965001.
6
What is the remainder when 219704 is divided by 27317?
1168
Calculate the remainder when 17590856 is divided by 12944.
12904
What is the remainder when 4223 is divided by 59?
34
What is the remainder when 207859779 is divided by 10?
9
What is the remainder when 12485542 is divided by 115?
107
What is the remainder when 2274334 is divided by 75?
34
What is the remainder when 12126652 is divided by 719?
717
Calculate the remainder when 183227712 is divided by 46.
6
What is the remainder when 8225327 is divided by 1102?
1101
What is the remainder when 277938 is divided by 2504?
2498
What is the remainder when 40679 is divided by 1521?
1133
Calculate the remainder when 3466 is divided by 348.
334
Calculate the remainder when 163191 is divided by 81452.
287
What is the remainder when 150847 is divided by 50155?
382
Calculate the remainder when 943861 is divided by 4743.
4
What is the remainder when 6110237 is divided by 105346?
169
What is the remainder when 31599767 is divided by 1083?
1076
Calculate the remainder when 29290 is divided by 2683.
2460
Calculate the remainder when 10557138 is divided by 49.
39
Calculate the remainder when 1219047 is divided by 52977.
576
Calculate the remainder when 18864527 is divided by 285826.
11
Calculate the remainder when 766345 is divided by 467.
465
Calculate the remainder when 738354 is divided by 5673.
864
Calculate the remainder when 174091 is divided by 206.
21
Calculate the remainder when 49063066 is divided by 8177175.
16
Calculate the remainder when 1285919 is divided by 235.
234
What is the remainder when 2159223 is divided by 239910?
33
What is the remainder when 1842411 is divided by 1842391?
20
What is the remainder when 45737 is divided by 331?
59
Calculate the remainder when 428331 is divided by 61157.
232
What is the remainder when 4040360 is divided by 984?
56
Calculate the remainder when 5882725 is divided by 161.
107
Calculate the remainder when 76109044 is divided by 1099.
1096
What is the remainder when 55529911 is divided by 160?
151
Calculate the remainder when 1882318 is divided by 32.
14
What is the remainder when 1202697 is divided by 50112?
9
Calculate the remainder when 283175 is divided by 2604.
1943
What is the remainder when 437640716 is divided by 201?
200
Calculate the remainder when 1060772 is divided by 21.
20
What is the remainder when 11436 is divided by 2182?
526
Calculate the remainder when 91823078 is divided by 30607690.
8
What is the remainder when 80827051 is divided by 3032?
3027
Calculate the remainder when 3393811 is divided by 1131203.
202
What is the remainder when 12756381 is divided by 2751?
2745
Calculate the remainder when 1129943 is divided by 1972.
1959
What is the remainder when 861323 is divided by 11?
1
Calculate the remainder when 69381 is divided by 1215.
126
What is the remainder when 32066654 is divided by 627?
620
Calculate the remainder when 585576 is divided by 22494.
732
What is the remainder when 2678617 is divided by 742?
739
Calculate the remainder when 974003512 is divided by 127.
126
Calculate the remainder when 429122 is divided by 7393.
328
What is the remainder when 4457497 is divided by 891496?
17
What is the remainder when 790562 is divided by 112841?
675
Calculate the remainder when 9876874 is divided by 17029.
54
Calculate the remainder when 123498 is divided by 1326.
180
Calculate the remainder when 14471120 is divided by 8655.
8615
Calculate the remainder when 12731 is divided by 2516.
151
Calculate the remainder when 2045995 is divided by 1046.
19
Calculate the remainder when 222778 is divided by 3841.
0
What is the remainder when 455770 is divided by 14697?
163
Calculate the remainder when 599224 is divided by 234.
184
What is the remainder when 5528381 is divided by 26707?
32
What is the remainder when 1215867 is divided by 637?
471
What is the remainder when 5589860 is divided by 378?
374
What is the remainder when 486018 is divided by 486018?
0
Calculate the remainder when 7900823 is divided by 7900746.
77
Calculate the remainder when 691378 is divided by 5621.
5616
What is the remainder when 125533 is divided by 6708?
4789
Calculate the remainder when 50177 is divided by 12190.
1417
Calculate the remainder when 2889358 is divided by 2380.
38
Calculate the remainder when 458577 is divided by 5993.
3109
Calculate the remainder when 2077102 is divided by 519260.
62
What is the remainder when 267979 is divided by 232?
19
What is the remainder when 607836 is divided by 3683?
141
Calculate the remainder when 23206031 is divided by 80.
31
Calculate the remainder when 6438058 is divided by 5392.
10
Calculate the remainder when 2930684 is divided by 1272.
1268
Calculate the remainder when 1337982 is divided by 19391.
3
What is the remainder when 25309418 is divided by 766?
12
Calculate the remainder when 368425400 is divided by 12.
8
Calculate the remainder when 300428 is divided by 47.
4
What is the remainder when 251412 is divided by 80?
52
Calculate the remainder when 982433 is divided by 42698.
379
What is the remainder when 15465053 is divided by 11363?
10
Calculate the remainder when 655674 is divided by 13.
6
Calculate the remainder when 844748 is divided by 52744.
844
What is the remainder when 1953265 is divided by 103?
76
What is the remainder when 362826 is divided by 720?
666
Calculate the remainder when 55678517 is divided by 5422.
5421
What is the remainder when 40188 is divided by 4780?
1948
What is the remainder when 4274365 is divided by 152651?
137
Calculate the remainder when 18216195 is divided by 13.
10
Calculate the remainder when 4942 is divided by 868.
602
What is the remainder when 309796 is divided by 16224?
1540
What is the remainder when 6257644 is divided by 2143?
84
Calculate the remainder when 11666755 is divided by 8.
3
Calculate the remainder when 577337 is divided by 7304.
321
Calculate the remainder when 210400 is divided by 55.
25
Calculate the remainder when 121911 is divided by 5290.
241
Calculate the remainder when 227893782 is divided by 105.
102
Calculate the remainder when 11739733 is divided by 2835.
2833
Calculate the remainder when 13555 is divided by 12054.
1501
What is the remainder when 25235 is divided by 706?
525
Calculate the remainder when 196448919 is divided by 897027.
6
What is the remainder when 122331 is divided by 131?
108
What is the remainder when 20777 is divided by 944?
9
What is the remainder when 7420385 is divided by 1236726?
29
Calculate the remainder when 2503632 is divided by 39740.
12
What is the remainder when 25012317 is divided by 449?
323
What is the remainder when 10568 is divided by 4347?
1874
Calculate the remainder when 157503 is divided by 1940.
363
What is the remainder when 61470834 is divided by 1005?
9
What is the remainder when 4852137 is divided by 674?
11
What is the remainder when 26078983 is divided by 20747?
4
Calculate the remainder when 99044 is divided by 4445.
1254
What is the remainder when 170444 is divided by 313?
172
Calculate the remainder when 8300499 is divided by 2244.
2187
Calculate the remainder when 9793084 is divided by 164.
152
What is the remainder when 1